ed by u.
14
Suppose -8*i + 193 - 49 = 0. Suppose y + 12 = p + 2*p, -3*y = -p + 4. Calculate the remainder when i is divided by p.
2
Let v = 349 - 345. Suppose 2*n = -4*l + 4, l - 10 = -5*n - 4*l. Suppose n*y - 25 = -3*y. Calculate the remainder when y is divided by v.
1
Let t = 6546 + -6470. Let u = 92 - 148. Let l = u + t. What is the remainder when 97 is divided by l?
17
Suppose 2*o + j + 22 = 0, 4*o + 4*j + 0*j = -40. Let z(b) = 13*b**2 + 138*b + 14. What is the remainder when z(o) is divided by 8?
6
Let i(g) = g**3 + 9*g**2 - 10*g + 7. Let k be i(-10). Suppose -5*d - k*d = -204. Calculate the remainder when 60 is divided by d.
9
Let t = 10972 - 10895. Calculate the remainder when 268 is divided by t.
37
Let l(t) = -t**2 + 10*t + 20. Let p be l(10). Let f = p + -93. Let n = 163 + f. What is the remainder when n is divided by 23?
21
Suppose 5*i - 2 = 4*i. Suppose -x - 11 = -i*x. What is the remainder when 86 is divided by x?
9
Suppose -5*m = -2*b - 0*b + 864, 164 = -m - 4*b. Let f = m - -62. Let p = f - -156. Calculate the remainder when p is divided by 12.
10
Let r be (-3)/9*((1 - 70) + 0). Let o = r + -20. Suppose -o*p + 4*j = -p - 64, j + 70 = 2*p. Calculate the remainder when p is divided by 8.
4
Let d(s) = 12*s + 5. Let n be (12/15)/(2/30*3). Let m = n + 7. What is the remainder when d(5) is divided by m?
10
Suppose 241*b + 346*b - 10075 = -188*b. Let o(q) = 674*q**2 + q. Calculate the remainder when o(-1) is divided by b.
10
Suppose -47*h - 585 = -52*h. Let a = -107 + h. Let s(d) = 6*d. What is the remainder when s(9) is divided by a?
4
Suppose 0 = -2*n - 2*r + 53 - 163, 2*n + 5*r = -98. Let z = 84 + n. Let o(u) = -u**2 - 19*u - 41. Calculate the remainder when z is divided by o(-16).
4
Let s = -3 - -6. Suppose 3*a - 90 = 9*y, -11*y + 9*y + 65 = 5*a. Calculate the remainder when s/(2/(-76)*-2) is divided by a.
12
Let g = 5123 - 5111. Calculate the remainder when 4739 is divided by g.
11
Suppose -63 - 408 = -3*j. Suppose -31*h + 1795 = 152. What is the remainder when j is divided by h?
51
Let b = 15258 - 14689. What is the remainder when b is divided by 184?
17
Suppose 0 = -27*s + 706 - 166. Calculate the remainder when 74 is divided by s.
14
Let n = -58 + 94. Let y = n + 20. What is the remainder when y is divided by 21?
14
Let g = 67 + -70. Let y be (18 - 21)*(-1)/((-1)/g). Suppose -4*i = -y*i + 370. What is the remainder when i is divided by 38?
36
Suppose 3*w - 18 = -l + 879, 1177 = 4*w - 5*l. Calculate the remainder when w is divided by 146.
6
Let r(n) = 2*n**2 - 543*n + 4293. Calculate the remainder when 435 is divided by r(8).
50
Let q(x) = x**2 + x - 76. Let w be q(0). Let v = 604 + -625. Let f = v - w. Calculate the remainder when f is divided by 29.
26
Let q = 59 + -145. Suppose 4*i = -2*s + 66, -3*s + 16 = 4*i - 81. What is the remainder when q/(-3)*(-345)/(-46) is divided by s?
29
Let z(h) = -22*h - 588. Calculate the remainder when 513 is divided by z(-29).
13
Let d = -1635 - -1780. Let n be (-21)/(-4) + (-2)/8. Let p(v) = v**2 + v + 7. What is the remainder when d is divided by p(n)?
34
Suppose -248*t - 6846 = -411*t. What is the remainder when t is divided by 15?
12
Suppose w + 4 = -1. Let i(p) be the third derivative of -p**4/8 + 65*p**3/6 + 34*p**2 - 39*p. What is the remainder when i(w) is divided by 18?
8
Suppose 321*h + 12 = 324*h. Suppose h*x + 52 = 4*b - 124, 0 = 3*b - x - 138. What is the remainder when 421 is divided by b?
45
What is the remainder when 2/(-19) - (-42880)/152 is divided by 27?
12
Let k(r) = -3*r**2 - 111*r + 139. Calculate the remainder when 1849 is divided by k(-38).
24
Let c(s) = -s**3 - 17*s**2 - 8*s + 116. Calculate the remainder when 514 is divided by c(-17).
10
Let w(o) = -15*o + 83. Let v be ((-2)/(-6))/(4 + (-423)/108). Let k(y) = -y + 89. Calculate the remainder when k(0) is divided by w(v).
20
Let i(p) be the second derivative of p**5/20 - 4*p**4/3 + 13*p**3/3 + 53*p**2/2 + p + 7. Calculate the remainder when 89 is divided by i(14).
14
Suppose -w = r - 33, -5*r - w = 2*w - 173. Suppose 0 = -g - 4*p + 169, p = -2*g - 0*p + 338. Let t = 179 - g. What is the remainder when r is divided by t?
7
Calculate the remainder when 0 + -4 - (1475/(-5) - -6) is divided by 33.
21
Suppose -8*t + 4223 = 3*x - 12*t, -7*t - 4220 = -3*x. Calculate the remainder when x is divided by 290.
249
Let j = -1097 + 3135. Calculate the remainder when j is divided by 102.
100
Let l(m) = -7*m**2 + 7 - 8*m + 19*m**2 - 4*m**2 + 24*m**2. What is the remainder when l(1) is divided by 12?
7
Let z = -3125 - -3588. Calculate the remainder when z is divided by 147.
22
Calculate the remainder when (-1259 - (-2)/1)/2*150/(-225) is divided by 106.
101
Let h(r) = 152*r**2 - 3*r + 2. Suppose -35*v + 13*v + 836 = 0. Calculate the remainder when h(1) is divided by v.
37
Let b = -1754 + 1994. Calculate the remainder when 821 is divided by b.
101
Let m(d) be the second derivative of d**4/6 + d**3 - 4*d**2 - 12*d. Let w be m(5). Suppose w = -f + 4*f. What is the remainder when f is divided by 13?
11
Suppose -17*g = -4*g - 2002. What is the remainder when (-13)/39 - g/(-3) is divided by 18?
15
Let k = -157 + 276. Let j = 923 - 836. Suppose 5*n - 3*x - j = -7*x, -n - 5*x = -30. Calculate the remainder when k is divided by n.
14
Suppose 5*k - 49 = -2*k. Suppose -14*v + k*v = -420. What is the remainder when v is divided by 16?
12
What is the remainder when (-1988)/(-5) - (-687)/(-1145) is divided by 85?
57
What is the remainder when (328 - 311)/((-2)/(-2054)) is divided by 5?
4
Suppose -2*w + 698 = -4*q, -20*q = -5*w - 22*q + 1721. Let k = 375 - w. Calculate the remainder when 182 is divided by k.
2
Let y be 2/(-1) + 0 + 12. Suppose -y*m + 6*m = -388. Suppose -4*z + 5*r = -m, -z - 85 = -6*z - r. What is the remainder when z is divided by 10?
8
Let p = -11598 + 13927. Calculate the remainder when p is divided by 213.
199
Let w = 212 + -35. Suppose -6*l + 3*l + w = -3*g, 4*g = -20. What is the remainder when l is divided by 15?
9
Suppose 5*v - 30 + 14 = 4*s, -4*s + 48 = 3*v. Suppose 3*i - 48 = -0. Calculate the remainder when i is divided by v.
0
Let q be (4 - -1) + (-2 - -4). Suppose p - 11 - q = 0. Calculate the remainder when p is divided by (-61)/(-6) + (4380/360)/(-73).
8
Suppose -3*i + 2 = -p, -6*p + 11*p + 3*i - 44 = 0. Suppose -p*o + 120 = 13*o. Suppose -4*z + 2*z = -44. What is the remainder when z is divided by o?
4
Let w = 821 - 465. Let j = 367 - w. Calculate the remainder when 0 + 2 + 255/5 is divided by j.
9
What is the remainder when 8/60 - 8139/(-45) is divided by 38?
29
Suppose 88*w - 293*w = -2255. Suppose 0*m + 2 = m. What is the remainder when -106*(2 - 5/m) is divided by w?
9
Let v be (-16)/(-24) + (-4)/(-3). Suppose -v*h - 8 = 3*i, 2*i - 5 = 2*h + 3. Let z = h - -10. Calculate the remainder when 23 is divided by z.
5
What is the remainder when 5190648/456 - -11*1 is divided by 74?
72
Let c = 1187 - 1135. What is the remainder when c is divided by 10?
2
Suppose 0 = 4*r - 4*c - 8376, 2*r + 6257 = 5*r + 2*c. What is the remainder when r is divided by 51?
49
Let t(u) = -u**2 + 11*u + 33. Suppose 3*n + 2*o = 138, 4*n - 5*o = -25 + 209. What is the remainder when n is divided by t(13)?
4
Let f(v) = 3*v**2 + 36*v + 194. What is the remainder when f(-15) is divided by 5?
4
What is the remainder when (15 + -4 - -40) + 6 is divided by 15?
12
Let d = 6054 + -6001. Calculate the remainder when 745 is divided by d.
3
Suppose -3*n = 3*t - 273, 46*n = -3*t + 42*n + 267. Calculate the remainder when 99 is divided by t.
2
Let c(z) = 173*z + 2120. What is the remainder when 350 is divided by c(-12)?
42
Suppose 5*u - u + 3*c + 50 = 0, 0 = c - 2. Let t(z) = 6*z**3 + z**2 - 2*z + 1. Let p be t(1). What is the remainder when 11 is divided by (-4 - -1)*u/p?
4
Let k(s) = 6*s + 280. Let a be k(48). Let t = a + -560. Suppose 369 = 5*i - l - 12, l - 312 = -4*i. What is the remainder when i is divided by t?
5
Let q(r) = -r - 21. Let h be q(-15). Let k be ((-2)/h)/((-1)/(-81)). Suppose 4*w + k = 5*m, 2*m = -3*m + 2*w + 21. What is the remainder when m is divided by 3?
0
Let k = -279 + 302. Suppose 0 = -5*q - k*q + 3584. Calculate the remainder when q is divided by 25.
3
Suppose -4*w - h - 5 = 0, -18 = 5*w + 3*h - 3. Suppose 5*u + 4*t - 7 - 778